(-7)/((-63)/m)*3 is divided by v.
9
Let u(q) = -7*q - 6. What is the remainder when u(-9) is divided by 12?
9
Let t = -10 - 3. Let y(c) = -c + 6. What is the remainder when y(t) is divided by 4 - 1/(1*-1)?
4
Let q(j) = j**3 - j**2 - 8*j + 6. Let w be q(5). Suppose 7*m = 4*m + w. What is the remainder when m is divided by 18*((-24)/(-9) - 2)?
10
Suppose -5*x - 2*b - 3*b + 65 = 0, 47 = 3*x - 5*b. What is the remainder when 26 is divided by x?
12
Suppose 24*f - 14*f - 180 = 0. What is the remainder when 71 is divided by f?
17
Let u = 139 + -76. Calculate the remainder when u is divided by 22.
19
Let k(h) = -2*h + 3. Let w be k(-3). Calculate the remainder when 22 is divided by (1 + 0)*(w - 1).
6
Suppose 3*b + 5*o - 151 = 0, b + 4*b + 4*o - 269 = 0. Suppose -5*s - 52 = 4*l, 3 = 4*l + 15. What is the remainder when b is divided by 22 - 3*s/(-12)?
17
Suppose 4*q = 177 - 77. What is the remainder when 149 is divided by q?
24
Let f be 39 + 1/((-3)/(-9)). Let h = f - 22. What is the remainder when h is divided by 7?
6
Suppose 24 = -4*b + 116. Let t(s) = s**3 + 6*s**2 + 3*s + 5. Let v be t(-6). Let z = v + 21. Calculate the remainder when b is divided by z.
7
Let j(g) = g**3 - 15*g**2 + 16*g - 13. Calculate the remainder when 28 is divided by j(14).
13
Let v be 0*1*(-1)/(-3). Suppose v = -2*j + 4*j - 52. What is the remainder when j is divided by 14?
12
Suppose -2*t + 35 = 5. Let z(y) = y**3 - 13*y**2 + 28. What is the remainder when z(13) is divided by t?
13
Let y(n) = -n**3 + 2*n**2 - 1. Suppose 6*j - 348 = 4*j. Suppose -4*h + h + j = 0. Calculate the remainder when h is divided by y(-2).
13
Let g = -2 - -26. What is the remainder when g is divided by 9?
6
Suppose 12 = 2*n - 20. Let z = 24 + 6. Calculate the remainder when z is divided by n.
14
Suppose -7*q - 31 = -2*g - 4*q, -2*g + q = -37. Suppose -2*m = -2*l - l + 21, 14 = 2*l - 3*m. What is the remainder when g is divided by l?
6
Let c(z) = 2*z**2 - 6*z - 4. Let o = -1 - 5. Let w(d) = -d**3 - 7*d**2 - 7*d - 1. Let f be w(o). What is the remainder when c(f) is divided by 9?
7
Let x(s) = s**2 + 9*s + 10. Let t be x(-8). Calculate the remainder when 58 is divided by 2 - (t*-1 - 16).
18
Let u be ((-5)/(-3))/((-4)/(-12)). Suppose 25 = 3*s + 2*s, u = 5*t + 2*s. Let i = t - -3. Calculate the remainder when i is divided by 1.
0
Let a be (14/3)/(16/120). What is the remainder when (12/5)/(2/a) is divided by (-92)/(-6) - (-2)/(-6)?
12
Let w = 16 - -2. Let n = 37 - 30. What is the remainder when w is divided by n?
4
Suppose 0*n + 54 = 3*n. Calculate the remainder when 33 is divided by n.
15
Let x be (-14)/21*(-27)/6. Let n be (1*-3 - 1)*-1. Calculate the remainder when 6*x + n/2 is divided by 7.
6
Suppose -2*i + 15 = 3*n, -5*i = 3*n - 5 - 37. Suppose 4*t = i*t. Suppose -5*z + t*z + 1 = 2*h, 9 = -3*z. What is the remainder when h is divided by 5?
3
Let y = 79 + -65. Calculate the remainder when 39 is divided by y.
11
Let v(u) = u**3 - 13*u**2 + 22*u + 11. Calculate the remainder when 63 is divided by v(11).
8
Let q(i) = 5*i + 1. Suppose 2*x = 8 - 4, 2*l = 2*x + 14. Calculate the remainder when l is divided by q(1).
3
Suppose 5*j + 2*o + 3 = 0, -2*j - 5 - 1 = 2*o. Calculate the remainder when 1 is divided by j.
0
Suppose 30 = 4*j - 2*i - 34, 80 = 5*j + i. Suppose -5*v - c + 63 = 0, 2*v + 5*c - j = -0*c. What is the remainder when 24 is divided by v?
11
Let w = 33 + 42. Suppose -24 = -q + 3*m, -4*q + 2*m + w = -11. Calculate the remainder when 62 is divided by q.
20
What is the remainder when 41 is divided by 1*((-14)/(-35) + (-43)/(-5))?
5
Let u = -9 - -15. Let h = u + 5. What is the remainder when 19 is divided by h?
8
Let r(k) = -10 - 2*k - k + k. Let p be r(-8). What is the remainder when (-67)/(-5) + p/(-15) is divided by 5?
3
What is the remainder when 23 is divided by 4/(-22) - 290/(-22)?
10
Let p(c) = 2*c**2 - 5*c. Let r(u) = -46*u**3 + 9*u**2 - 9*u**2. What is the remainder when r(-1) is divided by p(4)?
10
Let a = -10 - -22. Let x = -7 + a. Calculate the remainder when 12 is divided by x.
2
Let a(d) = 20*d + 1. Let u be a(1). Let v = 28 - u. What is the remainder when 12 is divided by v?
5
Suppose 0*h = -2*h - 3*d + 3, -2*h - 2*d = -6. Let t(z) = -2*z + 4. Calculate the remainder when t(-3) is divided by h.
4
Suppose 18*i - 55*i = -851. Calculate the remainder when i is divided by 1*-1*-1*13.
10
Let m(t) = -t**2 + 9*t + 5. Let u be m(9). What is the remainder when 18*u - (2 - 2) is divided by 23?
21
What is the remainder when 7 is divided by -2*1/(-4)*(-24)/(-6)?
1
Let o = 96 - 48. Let r = o + -19. What is the remainder when r is divided by 10?
9
Let b = -11 + 24. What is the remainder when b is divided by 5?
3
Let u = 10 - -33. Let i(l) = -3*l + 86. Calculate the remainder when u is divided by i(25).
10
Let u = -35 + 48. What is the remainder when 51 is divided by u?
12
Let c(g) = 11*g**2 - g + 15. Let w(h) = 5*h**2 + 7. Let q(p) = -4*c(p) + 9*w(p). What is the remainder when 5 is divided by q(-4)?
2
Let o = -4 + 6. Let l(u) = u**2 - 3*u - 7. What is the remainder when l(5) is divided by o?
1
Let d = 19 + -12. Suppose 3*u - 4*u + d = 0. What is the remainder when u is divided by 3?
1
Let t(l) = l**2 + 30. What is the remainder when t(0) is divided by 4?
2
Suppose -4*q + 7 = -q - n, 5*n + 16 = -4*q. Suppose 0 = y - 2*o - 3*o - 31, 4*y + 5*o = -q. What is the remainder when y is divided by 4?
2
Let r(q) = 12*q + 3. Let c(m) = -m - 1. Let z(w) = -4*c(w) - r(w). Calculate the remainder when z(-2) is divided by -12*(30/(-8))/5.
8
Let c(h) = -h + 3. Let s be c(0). Suppose -u - 4*m = -47, -s*u + m = -125 + 36. What is the remainder when u is divided by 16?
15
Let r(f) be the first derivative of f**2 - 3*f - 1. Let c be r(4). Calculate the remainder when 137/c + 6/(-15) is divided by 14.
13
Let m = 35 + -17. Calculate the remainder when 53 is divided by m.
17
Let o be (-1)/(3/18)*-1. Suppose c = -c + 4. Calculate the remainder when 2 - (2 - (-2 + o)) is divided by c.
0
Let i = 37 + -23. What is the remainder when 54 is divided by i?
12
Let n(h) = -h**3 + 2*h - 2. Let l be n(-3). Suppose 0*s - 4*s + l = 5*t, 2*s = 5*t + 17. Calculate the remainder when 56/s + 6/9 is divided by 4.
2
Let h = 0 + 16. Let z = -2 + h. Calculate the remainder when 38 is divided by z.
10
Let l = 100 + -43. Calculate the remainder when l is divided by 15.
12
Suppose -9 = -2*c - g + 7, 2*c - 4*g = 36. What is the remainder when 19 is divided by c?
9
Suppose 4*d - 211 = 85. What is the remainder when 143 is divided by d?
69
Suppose 2*m - 2*a - 58 = 0, 2*a = 2*m + 6*a - 46. Calculate the remainder when 107 is divided by m.
26
Suppose -2*c - 3*n + 4*n = -13, 4*n + 34 = 5*c. Let u be 1*((-1)/1 + 1). What is the remainder when 20 is divided by -33*(u + (-2)/c)?
9
Let z(b) = b**2 - 6*b + 6. Let v(i) = -37*i**3 - i. What is the remainder when v(-1) is divided by z(7)?
12
Let l be 18/(-15)*5/2. Let s be (2/l)/(1/(-3)). Suppose 0 = -3*k - s*t + 69, 36 = k - 0*k + 5*t. Calculate the remainder when k is divided by 11.
10
Let t(g) = g**3 + 6*g**2 - 9*g - 9. Let u = 6 - 6. What is the remainder when (-2 - -14) + (u - -2) is divided by t(-7)?
4
Suppose -i - i + 220 = 0. Suppose 0 = 2*p - 4*p + 56. What is the remainder when i is divided by p?
26
Let o = -8 - -12. Suppose -3 + 5 = p. What is the remainder when o is divided by p?
0
Let s = -53 - -91. Calculate the remainder when s is divided by 11.
5
Suppose 0 = 2*k - 2*q - q + 97, 142 = -3*k + q. Let y = -26 - k. Calculate the remainder when 40 is divided by y.
19
Suppose 14 = 4*k - 82. Calculate the remainder when k is divided by 5.
4
Let l = 44 + 13. Calculate the remainder when l is divided by 10.
7
Let h = -67 - -106. Suppose 5*u + 26 = r, u - 3*u - h = -3*r. Suppose 0 = 9*d - 133 - 56. Calculate the remainder when d is divided by r.
10
What is the remainder when 25 is divided by (1 + -4 + 4)*7?
4
Let h = -6 + -3. Let v = 24 + h. What is the remainder when v is divided by 4?
3
Suppose 0 = -5*d + 15, 3*o = 8*o + 3*d - 274. Let h = -37 + o. What is the remainder when (-4)/(-14) - (-654)/14 is divided by h?
15
Suppose -a = -4*a + 30. Calculate the remainder when 18 is divided by a.
8
Let k = 8 - 7. What is the remainder when (-2)/(1 - -1) - -6 is divided by k?
0
Let q(m) = 5*m**2 + 2*m - 7. Ca